t of 191644518?
1
What is the millions digit of 37917009?
7
What is the tens digit of 93914779?
7
What is the ten millions digit of 142239787?
4
What is the ten thousands digit of 47720773?
2
What is the ten thousands digit of 394160146?
6
What is the thousands digit of 534918479?
8
What is the hundreds digit of 233492268?
2
What is the ten millions digit of 48840942?
4
What is the tens digit of 18491389?
8
What is the units digit of 90763381?
1
What is the tens digit of 165835880?
8
What is the tens digit of 1477992?
9
What is the tens digit of 70033207?
0
What is the ten millions digit of 1284935619?
8
What is the tens digit of 730187348?
4
What is the ten millions digit of 2908633758?
0
What is the ten millions digit of 3866138473?
6
What is the thousands digit of 1314108949?
8
What is the hundred millions digit of 3151661334?
1
What is the hundred thousands digit of 187433598?
4
What is the hundred thousands digit of 242122047?
1
What is the millions digit of 14873814?
4
What is the billions digit of 2817050380?
2
What is the hundreds digit of 220465805?
8
What is the ten millions digit of 1275166940?
7
What is the thousands digit of 9002772?
2
What is the tens digit of 158892880?
8
What is the millions digit of 134082940?
4
What is the tens digit of 210077848?
4
What is the hundred thousands digit of 69975799?
9
What is the ten thousands digit of 28071124?
7
What is the hundred thousands digit of 1273476057?
4
What is the units digit of 279145226?
6
What is the hundreds digit of 13516462?
4
What is the millions digit of 161004972?
1
What is the thousands digit of 4428493206?
3
What is the units digit of 2510947416?
6
What is the ten millions digit of 23287506?
2
What is the ten millions digit of 573950723?
7
What is the millions digit of 251317240?
1
What is the hundreds digit of 392388178?
1
What is the tens digit of 28147006?
0
What is the hundred thousands digit of 275877458?
8
What is the millions digit of 2283066162?
3
What is the hundred millions digit of 1589021245?
5
What is the hundred thousands digit of 1276869255?
8
What is the thousands digit of 90862752?
2
What is the units digit of 1852340151?
1
What is the hundred thousands digit of 1178794274?
7
What is the hundreds digit of 3747546436?
4
What is the millions digit of 1118356704?
8
What is the thousands digit of 186662459?
2
What is the hundreds digit of 2631376369?
3
What is the tens digit of 5189232?
3
What is the ten millions digit of 10691656?
1
What is the ten thousands digit of 4814203956?
0
What is the units digit of 564919769?
9
What is the hundreds digit of 241709935?
9
What is the ten millions digit of 49960862?
4
What is the ten thousands digit of 37025190?
2
What is the millions digit of 927676707?
7
What is the tens digit of 16447904?
0
What is the hundreds digit of 764933984?
9
What is the hundreds digit of 17789555?
5
What is the ten thousands digit of 26434979?
3
What is the hundred millions digit of 1730275296?
7
What is the tens digit of 40177630?
3
What is the millions digit of 6343407?
6
What is the tens digit of 48133004?
0
What is the billions digit of 1897789389?
1
What is the units digit of 139881316?
6
What is the ten thousands digit of 165424997?
2
What is the tens digit of 550736192?
9
What is the hundred thousands digit of 9600046734?
0
What is the units digit of 415962788?
8
What is the hundreds digit of 4961376142?
1
What is the millions digit of 6102542604?
2
What is the ten thousands digit of 774514665?
1
What is the units digit of 40809165?
5
What is the millions digit of 1374041423?
4
What is the ten thousands digit of 20650195?
5
What is the tens digit of 21268897?
9
What is the millions digit of 425524643?
5
What is the thousands digit of 70505228?
5
What is the units digit of 33797367?
7
What is the ten millions digit of 1359830008?
5
What is the thousands digit of 84592502?
2
What is the units digit of 1427708238?
8
What is the tens digit of 161547049?
4
What is the ten millions digit of 62319138?
6
What is the units digit of 628527454?
4
What is the hundred millions digit of 156677726?
1
What is the hundred thousands digit of 283129771?
1
What is the tens digit of 12860784?
8
What is the ten millions digit of 396825488?
9
What is the hundred millions digit of 158799098?
1
What is the millions digit of 38463727?
8
What is the ten thousands digit of 896624835?
2
What is the hundred millions digit of 361797975?
3
What is the thousands digit of 265964663?
4
What is the ten millions digit of 55176037?
5
What is the tens digit of 251132681?
8
What is the thousands digit of 32913281?
3
What is the units digit of 107386237?
7
What is the thousands digit of 29433407?
3
What is the tens digit of 37870133?
3
What is the hundred millions digit of 3680061860?
6
What is the hundred millions digit of 3065944833?
0
What is the hundred millions digit of 425799814?
4
What is the ten millions digit of 169639455?
6
What is the millions digit of 22525564?
2
What is the millions digit of 1735840361?
5
What is the tens digit of 71033352?
5
What is the ten thousands digit of 36175367?
7
What is the thousands digit of 8447774?
7
What is the millions digit of 125654029?
5
What is the millions digit of 894476171?
4
What is the hundred thousands digit of 1436153605?
1
What is the hundred thousands digit of 1130722?
1
What is the hundred thousands digit of 798412195?
4
What is the tens digit of 94491049?
4
What is the hundred thousands digit of 24242124?
2
What is the units digit of 27052517?
7
What is the tens digit of 296874055?
5
What is the thousands digit of 575086171?
6
What is the thousands digit of 447304653?
4
What is the hundred thousands digit of 7908697?
9
What is the ten thousands digit of 62439272?
3
What is the millions digit of 146799458?
6
What is the hundred millions digit of 433554054?
4
What is the thousands digit of 8424268?
4
What is the ten millions digit of 48829046?
4
What is the hundred millions digit of 3782345125?
7
What is the hundreds digit of 955526048?
0
What is the hundred millions digit of 6003514312?
0
What is the millions digit of 1045647221?
5
What is the thousands digit of 93044557?
4
What is the hundred thousands digit of 322544359?
5
What is the hundred thousands digit of 76186273?
1
What is the ten millions digit of 1402732843?
0
What is the tens digit of 5071217906?
0
What is the hundred millions digit of 5604206808?
6
What is the billions digit of 1488317603?
1
What is the thousands digit of 3681635990?
5
What is the ten thousands digit of 9333657?
3
What is the millions digit of 217022157?
7
What is the millions digit of 385722832?
5
What is the thousands digit of 4812202165?
2
What is the tens digit of 1251597094?
9
What is the ten thousands digit of 145181745?
8
What is the hundred thousands digit of 34355208?
3
What is the hundred millions digit of 413466972?
4
What is the millions digit of 12534989?
2
What is the units digit of 741254811?
1
What is the hundred millions digit of 166316420?
1
What is the hundreds digit of 8796387069?
0
What is the millions digit of 3039603663?
9
What is the units digit of 344971740?
0
What is the thousands digit of 3592261308?
1
What is the thousands digit of 4569825919?
5
What is the hundreds digit of 230599778?
7
What is the units digit of 45921997?
7
What is the ten millions digit of 533288200?
3
What is the units digit of 2851424539?
9
What is the ten thousands digit of 83362786?
6
What is the ten millions digit of 5438120253?
3
What is the hundred millions digit of 134633109?
1
What is the tens digit of 3396151875?
7
What is the hundred thousands digit of 565551616?
5
What is the ten thousands digit of 1276915660?
1
What is the thousands digit of 61738483?
8
What is the units digit of 78440105?
5
What is the hundreds digit of 69255417?
4
What is the millions digit of 946835043?
6
What is the tens digit of 131503245?
4
What is the tens digit of 28820051?
5
What is the tens digit of 13508031?
3
What is the hundreds digit of 834330648?
6
What is the ten thousands digit of 52667253?
6
What is the thousands digit of 13476337?
6
What is the hundred thousands digit of 47403544?
4
What is the ten thousands digit of 32567910?
6
What is the ten millions digit of 38503996?
3
What is th